{"id":45,"date":"2023-05-25T12:01:39","date_gmt":"2023-05-25T10:01:39","guid":{"rendered":"http:\/\/hdfterredevelos.fr\/?page_id=45"},"modified":"2023-06-06T16:16:12","modified_gmt":"2023-06-06T14:16:12","slug":"lieux-mythiques","status":"publish","type":"page","link":"https:\/\/hdfterredevelos.fr\/index.php\/lieux-mythiques\/","title":{"rendered":"Lieux Mythiques"},"content":{"rendered":"<style>.elementor-45 .elementor-element.elementor-element-de28001 .elementor-heading-title{font-size:25px;color:#38A1BE;}.elementor-45 .elementor-element.elementor-element-2a0a40d .widget-image-caption{color:#000000;}.elementor-45 .elementor-element.elementor-element-7fc9825 .widget-image-caption{color:#000000;}.elementor-45 .elementor-element.elementor-element-c9587ae .widget-image-caption{color:#000000;}.elementor-45 .elementor-element.elementor-element-e193090 .widget-image-caption{color:#000000;}.elementor-45 .elementor-element.elementor-element-986983c .widget-image-caption{color:#000000;}<\/style>\t\t<div data-elementor-type=\"wp-page\" data-elementor-id=\"45\" class=\"elementor elementor-45\" data-elementor-settings=\"{&quot;ha_cmc_init_switcher&quot;:&quot;no&quot;}\">\n\t\t\t\t\t\t<section class=\"elementor-section elementor-top-section elementor-element elementor-element-cea46c5 elementor-section-boxed elementor-section-height-default elementor-section-height-default jltma-glass-effect-no\" data-id=\"cea46c5\" data-element_type=\"section\" data-settings=\"{&quot;_ha_eqh_enable&quot;:false}\">\n\t\t\t\t\t\t<div class=\"elementor-container elementor-column-gap-default\">\n\t\t\t\t\t<div class=\"elementor-column elementor-col-100 elementor-top-column elementor-element elementor-element-a583a84 jltma-glass-effect-no\" data-id=\"a583a84\" data-element_type=\"column\">\n\t\t\t<div class=\"elementor-widget-wrap elementor-element-populated\">\n\t\t\t\t\t\t<div class=\"elementor-element elementor-element-de28001 jltma-glass-effect-no elementor-invisible elementor-widget elementor-widget-heading\" data-id=\"de28001\" data-element_type=\"widget\" data-settings=\"{&quot;_animation&quot;:&quot;fadeInDown&quot;}\" data-widget_type=\"heading.default\">\n\t\t\t\t<div class=\"elementor-widget-container\">\n\t\t\t\t\t<h2 class=\"elementor-heading-title elementor-size-default\">Quelques Lieux Mythiques du V\u00e9lo dans les hauts de France<\/h2>\t\t\t\t<\/div>\n\t\t\t\t<\/div>\n\t\t\t\t\t<\/div>\n\t\t<\/div>\n\t\t\t\t\t<\/div>\n\t\t<\/section>\n\t\t\t\t<section class=\"elementor-section elementor-top-section elementor-element elementor-element-e510d42 elementor-section-boxed elementor-section-height-default elementor-section-height-default jltma-glass-effect-no\" data-id=\"e510d42\" data-element_type=\"section\" data-settings=\"{&quot;_ha_eqh_enable&quot;:false}\">\n\t\t\t\t\t\t<div class=\"elementor-container elementor-column-gap-default\">\n\t\t\t\t\t<div class=\"elementor-column elementor-col-100 elementor-top-column elementor-element elementor-element-b4856e4 jltma-glass-effect-no\" data-id=\"b4856e4\" data-element_type=\"column\">\n\t\t\t<div class=\"elementor-widget-wrap elementor-element-populated\">\n\t\t\t\t\t\t<div class=\"elementor-element elementor-element-2a0a40d jltma-glass-effect-no elementor-widget elementor-widget-image\" data-id=\"2a0a40d\" data-element_type=\"widget\" data-widget_type=\"image.default\">\n\t\t\t\t<div class=\"elementor-widget-container\">\n\t\t\t\t\t\t\t\t\t\t\t\t<figure class=\"wp-caption\">\n\t\t\t\t\t\t\t\t\t\t<img fetchpriority=\"high\" decoding=\"async\" width=\"260\" height=\"195\" src=\"https:\/\/hdfterredevelos.fr\/wp-content\/uploads\/2023\/06\/1-3.jpg\" class=\"attachment-large size-large wp-image-1426\" alt=\"\" \/>\t\t\t\t\t\t\t\t\t\t\t<figcaption class=\"widget-image-caption wp-caption-text\">Le v\u00e9lodrome de Roubaix est une piste de cyclisme ext\u00e9rieure en b\u00e9ton d'une longueur de 499,75 m, de 6 m de large et des virages inclin\u00e9s \u00e0 15,4\u00b0. Le v\u00e9lodrome de Roubaix est le lieu d'arriv\u00e9e de Paris-Roubaix depuis 1943 (\u00e0 l'exception des \u00e9ditions 1986 \u00e0 1988).<\/figcaption>\n\t\t\t\t\t\t\t\t\t\t<\/figure>\n\t\t\t\t\t\t\t\t\t<\/div>\n\t\t\t\t<\/div>\n\t\t\t\t\t<\/div>\n\t\t<\/div>\n\t\t\t\t\t<\/div>\n\t\t<\/section>\n\t\t\t\t<section class=\"elementor-section elementor-top-section elementor-element elementor-element-3e6d4bb elementor-section-boxed elementor-section-height-default elementor-section-height-default jltma-glass-effect-no\" data-id=\"3e6d4bb\" data-element_type=\"section\" data-settings=\"{&quot;_ha_eqh_enable&quot;:false}\">\n\t\t\t\t\t\t<div class=\"elementor-container elementor-column-gap-default\">\n\t\t\t\t\t<div class=\"elementor-column elementor-col-100 elementor-top-column elementor-element elementor-element-6bc8b02 jltma-glass-effect-no\" data-id=\"6bc8b02\" data-element_type=\"column\">\n\t\t\t<div class=\"elementor-widget-wrap elementor-element-populated\">\n\t\t\t\t\t\t<div class=\"elementor-element elementor-element-7fc9825 jltma-glass-effect-no elementor-invisible elementor-widget elementor-widget-image\" data-id=\"7fc9825\" data-element_type=\"widget\" data-settings=\"{&quot;_animation&quot;:&quot;fadeInDown&quot;}\" data-widget_type=\"image.default\">\n\t\t\t\t<div class=\"elementor-widget-container\">\n\t\t\t\t\t\t\t\t\t\t\t\t<figure class=\"wp-caption\">\n\t\t\t\t\t\t\t\t\t\t<img decoding=\"async\" width=\"640\" height=\"360\" src=\"https:\/\/hdfterredevelos.fr\/wp-content\/uploads\/2023\/06\/2-3.jpg\" class=\"attachment-large size-large wp-image-1427\" alt=\"\" srcset=\"https:\/\/hdfterredevelos.fr\/wp-content\/uploads\/2023\/06\/2-3.jpg 870w, https:\/\/hdfterredevelos.fr\/wp-content\/uploads\/2023\/06\/2-3-300x169.jpg 300w, https:\/\/hdfterredevelos.fr\/wp-content\/uploads\/2023\/06\/2-3-768x432.jpg 768w\" sizes=\"(max-width: 640px) 100vw, 640px\" \/>\t\t\t\t\t\t\t\t\t\t\t<figcaption class=\"widget-image-caption wp-caption-text\">La trou\u00e9e d'Arenberg est un secteur pav\u00e9 de la course cycliste Paris-Roubaix d'une longueur d'environ 2 300 m avec une difficult\u00e9 class\u00e9e cinq \u00e9toiles soit le niveau le plus difficile. Le secteur est compos\u00e9 d'une longue ligne droite \u00e0 travers la for\u00eat de Raismes-Saint-Amand-Wallers. Il a \u00e9t\u00e9 d\u00e9couvert par Jean Stablinski.<\/figcaption>\n\t\t\t\t\t\t\t\t\t\t<\/figure>\n\t\t\t\t\t\t\t\t\t<\/div>\n\t\t\t\t<\/div>\n\t\t\t\t\t<\/div>\n\t\t<\/div>\n\t\t\t\t\t<\/div>\n\t\t<\/section>\n\t\t\t\t<section class=\"elementor-section elementor-top-section elementor-element elementor-element-e921853 elementor-section-boxed elementor-section-height-default elementor-section-height-default jltma-glass-effect-no\" data-id=\"e921853\" data-element_type=\"section\" data-settings=\"{&quot;_ha_eqh_enable&quot;:false}\">\n\t\t\t\t\t\t<div class=\"elementor-container elementor-column-gap-default\">\n\t\t\t\t\t<div class=\"elementor-column elementor-col-100 elementor-top-column elementor-element elementor-element-474e394 jltma-glass-effect-no\" data-id=\"474e394\" data-element_type=\"column\">\n\t\t\t<div class=\"elementor-widget-wrap elementor-element-populated\">\n\t\t\t\t\t\t<div class=\"elementor-element elementor-element-c9587ae jltma-glass-effect-no elementor-invisible elementor-widget elementor-widget-image\" data-id=\"c9587ae\" data-element_type=\"widget\" data-settings=\"{&quot;_animation&quot;:&quot;fadeInDown&quot;}\" data-widget_type=\"image.default\">\n\t\t\t\t<div class=\"elementor-widget-container\">\n\t\t\t\t\t\t\t\t\t\t\t\t<figure class=\"wp-caption\">\n\t\t\t\t\t\t\t\t\t\t<img decoding=\"async\" width=\"327\" height=\"500\" src=\"https:\/\/hdfterredevelos.fr\/wp-content\/uploads\/2023\/06\/3-2.jpg\" class=\"attachment-large size-large wp-image-1428\" alt=\"\" srcset=\"https:\/\/hdfterredevelos.fr\/wp-content\/uploads\/2023\/06\/3-2.jpg 327w, https:\/\/hdfterredevelos.fr\/wp-content\/uploads\/2023\/06\/3-2-196x300.jpg 196w\" sizes=\"(max-width: 327px) 100vw, 327px\" \/>\t\t\t\t\t\t\t\t\t\t\t<figcaption class=\"widget-image-caption wp-caption-text\">Le Carrefour de l'Arbre est un secteur pav\u00e9 de la course cycliste Paris-Roubaix d'une distance approximative de 2 100 m avec une difficult\u00e9 actuellement class\u00e9e cinq \u00e9toiles soit le niveau le plus difficile. Le secteur est emprunt\u00e9 syst\u00e9matiquement par le Paris-Roubaix depuis 1980. De par sa proximit\u00e9 avec Roubaix (une quinzaine de kilom\u00e8tres), le secteur s'est souvent av\u00e9r\u00e9 d\u00e9cisif. Sa difficult\u00e9 est certes moindre que celle de la Trou\u00e9e d'Arenberg, mais l'accumulation des secteurs pav\u00e9s le rend certainement plus difficile qu'il ne l'est. Le coureur qui sort en t\u00eate a une bonne chance d'arriver en t\u00eate au V\u00e9lodrome Andr\u00e9-P\u00e9trieux de Roubaix<\/figcaption>\n\t\t\t\t\t\t\t\t\t\t<\/figure>\n\t\t\t\t\t\t\t\t\t<\/div>\n\t\t\t\t<\/div>\n\t\t\t\t\t<\/div>\n\t\t<\/div>\n\t\t\t\t\t<\/div>\n\t\t<\/section>\n\t\t\t\t<section class=\"elementor-section elementor-top-section elementor-element elementor-element-a330fbf elementor-section-boxed elementor-section-height-default elementor-section-height-default jltma-glass-effect-no\" data-id=\"a330fbf\" data-element_type=\"section\" data-settings=\"{&quot;_ha_eqh_enable&quot;:false}\">\n\t\t\t\t\t\t<div class=\"elementor-container elementor-column-gap-default\">\n\t\t\t\t\t<div class=\"elementor-column elementor-col-100 elementor-top-column elementor-element elementor-element-862bba4 jltma-glass-effect-no\" data-id=\"862bba4\" data-element_type=\"column\">\n\t\t\t<div class=\"elementor-widget-wrap elementor-element-populated\">\n\t\t\t\t\t\t<div class=\"elementor-element elementor-element-e193090 jltma-glass-effect-no elementor-invisible elementor-widget elementor-widget-image\" data-id=\"e193090\" data-element_type=\"widget\" data-settings=\"{&quot;_animation&quot;:&quot;fadeInDown&quot;}\" data-widget_type=\"image.default\">\n\t\t\t\t<div class=\"elementor-widget-container\">\n\t\t\t\t\t\t\t\t\t\t\t\t<figure class=\"wp-caption\">\n\t\t\t\t\t\t\t\t\t\t<img loading=\"lazy\" decoding=\"async\" width=\"640\" height=\"427\" src=\"https:\/\/hdfterredevelos.fr\/wp-content\/uploads\/2023\/06\/4-2.jpg\" class=\"attachment-large size-large wp-image-1429\" alt=\"\" srcset=\"https:\/\/hdfterredevelos.fr\/wp-content\/uploads\/2023\/06\/4-2.jpg 800w, https:\/\/hdfterredevelos.fr\/wp-content\/uploads\/2023\/06\/4-2-300x200.jpg 300w, https:\/\/hdfterredevelos.fr\/wp-content\/uploads\/2023\/06\/4-2-768x513.jpg 768w\" sizes=\"(max-width: 640px) 100vw, 640px\" \/>\t\t\t\t\t\t\t\t\t\t\t<figcaption class=\"widget-image-caption wp-caption-text\">Dans son parcours contemporain, les 4 Jours de Dunkerque passent traditionnellement par Cassel. Lors de l'avant derni\u00e9re journ\u00e9e, l'\u00e9tape accident\u00e9e, dite \u00e9tape des monts, se d\u00e9roule traditionnellement dans les monts de Flandre, avec un circuit final sur le Mont Cassel.<\/figcaption>\n\t\t\t\t\t\t\t\t\t\t<\/figure>\n\t\t\t\t\t\t\t\t\t<\/div>\n\t\t\t\t<\/div>\n\t\t\t\t\t<\/div>\n\t\t<\/div>\n\t\t\t\t\t<\/div>\n\t\t<\/section>\n\t\t\t\t<section class=\"elementor-section elementor-top-section elementor-element elementor-element-2c2b0dd elementor-section-boxed elementor-section-height-default elementor-section-height-default jltma-glass-effect-no\" data-id=\"2c2b0dd\" data-element_type=\"section\" data-settings=\"{&quot;_ha_eqh_enable&quot;:false}\">\n\t\t\t\t\t\t<div class=\"elementor-container elementor-column-gap-default\">\n\t\t\t\t\t<div class=\"elementor-column elementor-col-100 elementor-top-column elementor-element elementor-element-1f2b960 jltma-glass-effect-no\" data-id=\"1f2b960\" data-element_type=\"column\">\n\t\t\t<div class=\"elementor-widget-wrap elementor-element-populated\">\n\t\t\t\t\t\t<div class=\"elementor-element elementor-element-986983c jltma-glass-effect-no elementor-invisible elementor-widget elementor-widget-image\" data-id=\"986983c\" data-element_type=\"widget\" data-settings=\"{&quot;_animation&quot;:&quot;fadeInDown&quot;}\" data-widget_type=\"image.default\">\n\t\t\t\t<div class=\"elementor-widget-container\">\n\t\t\t\t\t\t\t\t\t\t\t\t<figure class=\"wp-caption\">\n\t\t\t\t\t\t\t\t\t\t<img loading=\"lazy\" decoding=\"async\" width=\"640\" height=\"427\" src=\"https:\/\/hdfterredevelos.fr\/wp-content\/uploads\/2023\/06\/5-2-1024x683.jpg\" class=\"attachment-large size-large wp-image-1430\" alt=\"\" srcset=\"https:\/\/hdfterredevelos.fr\/wp-content\/uploads\/2023\/06\/5-2-1024x683.jpg 1024w, https:\/\/hdfterredevelos.fr\/wp-content\/uploads\/2023\/06\/5-2-300x200.jpg 300w, https:\/\/hdfterredevelos.fr\/wp-content\/uploads\/2023\/06\/5-2-768x512.jpg 768w, https:\/\/hdfterredevelos.fr\/wp-content\/uploads\/2023\/06\/5-2-1200x800.jpg 1200w, https:\/\/hdfterredevelos.fr\/wp-content\/uploads\/2023\/06\/5-2.jpg 1386w\" sizes=\"(max-width: 640px) 100vw, 640px\" \/>\t\t\t\t\t\t\t\t\t\t\t<figcaption class=\"widget-image-caption wp-caption-text\">Le v\u00e9lodrome couvert r\u00e9gional Jean-Stablinski, \u00e9galement appel\u00e9 \u00ab Le Stab \u00bb est un v\u00e9lodrome situ\u00e9 \u00e0 Roubaix, inaugur\u00e9 en septembre 2012. Le v\u00e9lodrome est situ\u00e9 dans le parc des sports de Roubaix, La piste est d'une longueur de 250 m, de 7 m de large et des virages inclin\u00e9s \u00e0 44,3\u00b06. En 2013 le v\u00e9lodrome a accueilli les championnats de France de cyclisme sur piste, En 2017, les Championnats d'Europe sur piste Masters En 2021, les mondiaux sur piste.<\/figcaption>\n\t\t\t\t\t\t\t\t\t\t<\/figure>\n\t\t\t\t\t\t\t\t\t<\/div>\n\t\t\t\t<\/div>\n\t\t\t\t\t<\/div>\n\t\t<\/div>\n\t\t\t\t\t<\/div>\n\t\t<\/section>\n\t\t\t\t<\/div>\n\t\t","protected":false},"excerpt":{"rendered":"<p>Quelques Lieux Mythiques du V\u00e9lo dans les hauts de France Le v\u00e9lodrome de Roubaix est une piste de cyclisme ext\u00e9rieure en b\u00e9ton d&rsquo;une longueur de 499,75 m, de 6 m de large et des virages inclin\u00e9s \u00e0 15,4\u00b0. Le v\u00e9lodrome de Roubaix est le lieu d&rsquo;arriv\u00e9e de Paris-Roubaix depuis 1943 (\u00e0 l&rsquo;exception des \u00e9ditions 1986 [&hellip;]<\/p>\n","protected":false},"author":1,"featured_media":0,"parent":0,"menu_order":0,"comment_status":"closed","ping_status":"closed","template":"","meta":{"om_disable_all_campaigns":false,"_monsterinsights_skip_tracking":false,"_monsterinsights_sitenote_active":false,"_monsterinsights_sitenote_note":"","_monsterinsights_sitenote_category":0,"footnotes":""},"class_list":["post-45","page","type-page","status-publish","hentry"],"aioseo_notices":[],"_links":{"self":[{"href":"https:\/\/hdfterredevelos.fr\/index.php\/wp-json\/wp\/v2\/pages\/45","targetHints":{"allow":["GET"]}}],"collection":[{"href":"https:\/\/hdfterredevelos.fr\/index.php\/wp-json\/wp\/v2\/pages"}],"about":[{"href":"https:\/\/hdfterredevelos.fr\/index.php\/wp-json\/wp\/v2\/types\/page"}],"author":[{"embeddable":true,"href":"https:\/\/hdfterredevelos.fr\/index.php\/wp-json\/wp\/v2\/users\/1"}],"replies":[{"embeddable":true,"href":"https:\/\/hdfterredevelos.fr\/index.php\/wp-json\/wp\/v2\/comments?post=45"}],"version-history":[{"count":4,"href":"https:\/\/hdfterredevelos.fr\/index.php\/wp-json\/wp\/v2\/pages\/45\/revisions"}],"predecessor-version":[{"id":1433,"href":"https:\/\/hdfterredevelos.fr\/index.php\/wp-json\/wp\/v2\/pages\/45\/revisions\/1433"}],"wp:attachment":[{"href":"https:\/\/hdfterredevelos.fr\/index.php\/wp-json\/wp\/v2\/media?parent=45"}],"curies":[{"name":"wp","href":"https:\/\/api.w.org\/{rel}","templated":true}]}}